{"id":1117,"date":"2018-10-01T07:29:59","date_gmt":"2018-11-28T15:42:05","guid":{"rendered":"http:\/\/www.larrasoana.com\/?post_type=product&#038;p=1117"},"modified":"2018-11-28T17:22:42","modified_gmt":"2018-11-28T17:22:42","slug":"saucisse-cuite-type-francfort-au-fromage","status":"publish","type":"product","link":"https:\/\/www.larrasoana.com\/fr\/producto\/saucisse-cuite-type-francfort-au-fromage\/","title":{"rendered":"SAUCISSE CUITE TYPE FRANCFORT AU FROMAGE"},"content":{"rendered":"","protected":false},"excerpt":{"rendered":"<p><span class=\"dest\">Convient aux c\u0153liaques.<br \/>\nSans lactose.<\/span><\/p>\n<p>La promesse d\u2019un go\u00fbt incomparable gr\u00e2ce \u00e0 sa jutosit\u00e9 et \u00e0 sa texture tendre.<\/p>\n<p><img src=\"http:\/\/www.larrasoana.com\/wp-content\/uploads\/2018\/10\/peso.jpg\"><span style=\"color: #bb9c08; font-size: 21px; line-height: 42px; padding-left: 15px;\">POIDS :<\/span> 300 g.<\/p>\n<p><img src=\"http:\/\/www.larrasoana.com\/wp-content\/uploads\/2018\/10\/temp.jpg\"><span style=\"color: #bb9c08; font-size: 21px; line-height: 41px; padding-left: 15px;\">TEMP\u00c9RATURE DE CONSERVATION :<\/span> entre 0 et 4 degr\u00e9s<\/p>\n<p><img src=\"http:\/\/www.larrasoana.com\/wp-content\/uploads\/2018\/10\/cad.jpg\"><span style=\"color: #bb9c08; font-size: 21px; line-height: 35px; padding-left: 15px;\">DUR\u00c9E DE CONSERVATION:<\/span> 120 jours.<\/p>\n<p><img src=\"http:\/\/www.larrasoana.com\/wp-content\/uploads\/2018\/10\/cod.jpg\"><span style=\"color: #bb9c08; font-size: 21px; line-height: 29px; padding-left: 15px;\">CODE EAN:<\/span> 8422576000123.<\/p>\n","protected":false},"featured_media":1255,"template":"","meta":[],"_links":{"self":[{"href":"https:\/\/www.larrasoana.com\/fr\/wp-json\/wp\/v2\/product\/1117"}],"collection":[{"href":"https:\/\/www.larrasoana.com\/fr\/wp-json\/wp\/v2\/product"}],"about":[{"href":"https:\/\/www.larrasoana.com\/fr\/wp-json\/wp\/v2\/types\/product"}],"wp:featuredmedia":[{"embeddable":true,"href":"https:\/\/www.larrasoana.com\/fr\/wp-json\/wp\/v2\/media\/1255"}],"wp:attachment":[{"href":"https:\/\/www.larrasoana.com\/fr\/wp-json\/wp\/v2\/media?parent=1117"}],"curies":[{"name":"wp","href":"https:\/\/api.w.org\/{rel}","templated":true}]}}

<p><span class="dest">Convient aux cœliaques.<br />
Sans lactose.</span></p>
<p>La promesse d’un goût incomparable grâce à sa jutosité et à sa texture tendre.</p>
<p><img src="http://www.larrasoana.com/wp-content/uploads/2018/10/peso.jpg"><span style="color: #bb9c08; font-size: 21px; line-height: 42px; padding-left: 15px;">POIDS :</span> 300 g.</p>
<p><img src="http://www.larrasoana.com/wp-content/uploads/2018/10/temp.jpg"><span style="color: #bb9c08; font-size: 21px; line-height: 41px; padding-left: 15px;">TEMPÉRATURE DE CONSERVATION :</span> entre 0 et 4 degrés</p>
<p><img src="http://www.larrasoana.com/wp-content/uploads/2018/10/cad.jpg"><span style="color: #bb9c08; font-size: 21px; line-height: 35px; padding-left: 15px;">DURÉE DE CONSERVATION:</span> 120 jours.</p>
<p><img src="http://www.larrasoana.com/wp-content/uploads/2018/10/cod.jpg"><span style="color: #bb9c08; font-size: 21px; line-height: 29px; padding-left: 15px;">CODE EAN:</span> 8422576000123.</p>
