{"id":1152,"date":"2018-11-28T16:00:23","date_gmt":"2018-11-28T16:00:23","guid":{"rendered":"http:\/\/www.larrasoana.com\/?post_type=product&#038;p=1152"},"modified":"2018-11-28T17:22:15","modified_gmt":"2018-11-28T17:22:15","slug":"saucisse-francfort-dinde","status":"publish","type":"product","link":"https:\/\/www.larrasoana.com\/fr\/producto\/saucisse-francfort-dinde\/","title":{"rendered":"SAUCISSE FRANCFORT DINDE"},"content":{"rendered":"","protected":false},"excerpt":{"rendered":"<p><span class=\"dest\">Convient aux c\u0153liaques.<br \/>\nSans lactose.<\/span><\/p>\n<p>Une Francfort \u00e0 la dinde qui n\u2019a rien \u00e0 envier aux originales allemandes et, de plus, l\u00e9g\u00e8re \u00e0 dig\u00e9rer.<\/p>\n<p><img src=\"http:\/\/www.larrasoana.com\/wp-content\/uploads\/2018\/10\/peso.jpg\"><span style=\"color:#bb9c08;font-size:21px;line-height: 42px;padding-left:15px;\">POIDS:<\/span> 300 g.<\/p>\n<p><img src=\"http:\/\/www.larrasoana.com\/wp-content\/uploads\/2018\/10\/temp.jpg\"><span style=\"color:#bb9c08;font-size:21px;line-height: 41px;padding-left:15px;\">TEMP\u00c9RATURE DE CONSERVATION:<\/span> entre 0 et 4 degr\u00e9s.<\/p>\n<p><img src=\"http:\/\/www.larrasoana.com\/wp-content\/uploads\/2018\/10\/cad.jpg\"><span style=\"color:#bb9c08;font-size:21px;line-height: 35px;padding-left:15px;\">DUR\u00c9E DE CONSERVATION:<\/span> 120 jours.<\/p>\n<p><img src=\"http:\/\/www.larrasoana.com\/wp-content\/uploads\/2018\/10\/cod.jpg\"><span style=\"color:#bb9c08;font-size:21px;line-height: 29px;padding-left:15px;\">CODIGO EAN:<\/span> 8422576000130.<\/p>\n","protected":false},"featured_media":1126,"template":"","meta":[],"_links":{"self":[{"href":"https:\/\/www.larrasoana.com\/fr\/wp-json\/wp\/v2\/product\/1152"}],"collection":[{"href":"https:\/\/www.larrasoana.com\/fr\/wp-json\/wp\/v2\/product"}],"about":[{"href":"https:\/\/www.larrasoana.com\/fr\/wp-json\/wp\/v2\/types\/product"}],"wp:featuredmedia":[{"embeddable":true,"href":"https:\/\/www.larrasoana.com\/fr\/wp-json\/wp\/v2\/media\/1126"}],"wp:attachment":[{"href":"https:\/\/www.larrasoana.com\/fr\/wp-json\/wp\/v2\/media?parent=1152"}],"curies":[{"name":"wp","href":"https:\/\/api.w.org\/{rel}","templated":true}]}}

<p><span class="dest">Convient aux cœliaques.<br />
Sans lactose.</span></p>
<p>Une Francfort à la dinde qui n’a rien à envier aux originales allemandes et, de plus, légère à digérer.</p>
<p><img src="http://www.larrasoana.com/wp-content/uploads/2018/10/peso.jpg"><span style="color:#bb9c08;font-size:21px;line-height: 42px;padding-left:15px;">POIDS:</span> 300 g.</p>
<p><img src="http://www.larrasoana.com/wp-content/uploads/2018/10/temp.jpg"><span style="color:#bb9c08;font-size:21px;line-height: 41px;padding-left:15px;">TEMPÉRATURE DE CONSERVATION:</span> entre 0 et 4 degrés.</p>
<p><img src="http://www.larrasoana.com/wp-content/uploads/2018/10/cad.jpg"><span style="color:#bb9c08;font-size:21px;line-height: 35px;padding-left:15px;">DURÉE DE CONSERVATION:</span> 120 jours.</p>
<p><img src="http://www.larrasoana.com/wp-content/uploads/2018/10/cod.jpg"><span style="color:#bb9c08;font-size:21px;line-height: 29px;padding-left:15px;">CODIGO EAN:</span> 8422576000130.</p>
